hat is the remainder when 103463514 is divided by 162?
108
Calculate the remainder when 571677 is divided by 5150.
27
What is the remainder when 946637 is divided by 920?
877
Calculate the remainder when 3289563 is divided by 1644641.
281
Calculate the remainder when 43238 is divided by 10620.
758
Calculate the remainder when 10989 is divided by 936.
693
What is the remainder when 107567 is divided by 905?
777
What is the remainder when 325684 is divided by 2908?
2896
What is the remainder when 25563123 is divided by 2189?
2170
Calculate the remainder when 121594 is divided by 118946.
2648
Calculate the remainder when 218850 is divided by 218305.
545
Calculate the remainder when 4783381 is divided by 88581.
7
What is the remainder when 547255 is divided by 1595?
170
Calculate the remainder when 1146085 is divided by 727.
333
Calculate the remainder when 641934 is divided by 320957.
20
What is the remainder when 667462 is divided by 78?
16
Calculate the remainder when 334478 is divided by 3.
2
What is the remainder when 214883 is divided by 10?
3
Calculate the remainder when 13799979 is divided by 155.
19
What is the remainder when 440490 is divided by 1537?
908
Calculate the remainder when 700753 is divided by 3469.
15
Calculate the remainder when 103281050 is divided by 99.
92
Calculate the remainder when 2160548 is divided by 60010.
188
What is the remainder when 152369988 is divided by 25394996?
12
Calculate the remainder when 68508496 is divided by 29.
27
Calculate the remainder when 596661252 is divided by 614.
612
Calculate the remainder when 2768 is divided by 711.
635
What is the remainder when 10448404 is divided by 1741390?
64
What is the remainder when 18929129 is divided by 11?
10
What is the remainder when 8814233 is divided by 14?
1
What is the remainder when 84410670 is divided by 19?
16
Calculate the remainder when 13837184 is divided by 1729637.
88
What is the remainder when 235966 is divided by 138?
124
What is the remainder when 15880170 is divided by 5293380?
30
What is the remainder when 4799461 is divided by 97?
95
Calculate the remainder when 30169 is divided by 27256.
2913
What is the remainder when 12162147 is divided by 50?
47
Calculate the remainder when 873341 is divided by 183.
65
What is the remainder when 391903 is divided by 5024?
31
Calculate the remainder when 4791004 is divided by 4790689.
315
Calculate the remainder when 12158204 is divided by 3421.
3391
Calculate the remainder when 200275 is divided by 19927.
1005
Calculate the remainder when 6649696 is divided by 3467.
3457
What is the remainder when 25040733 is divided by 22?
3
Calculate the remainder when 120447 is divided by 23961.
642
Calculate the remainder when 2910306 is divided by 7168.
98
Calculate the remainder when 71749 is divided by 157.
0
Calculate the remainder when 27281 is divided by 9091.
8
Calculate the remainder when 694112461 is divided by 33.
31
What is the remainder when 889625 is divided by 33?
11
Calculate the remainder when 203321980 is divided by 18.
10
Calculate the remainder when 56585 is divided by 11258.
295
Calculate the remainder when 1653196 is divided by 2389.
8
Calculate the remainder when 864392 is divided by 462.
452
What is the remainder when 316208 is divided by 4595?
3748
Calculate the remainder when 7153625 is divided by 650329.
6
Calculate the remainder when 1625091 is divided by 177.
54
Calculate the remainder when 99724 is divided by 99630.
94
What is the remainder when 1762176 is divided by 173?
171
What is the remainder when 104091032 is divided by 22?
12
Calculate the remainder when 9613142 is divided by 801095.
2
What is the remainder when 60237 is divided by 2615?
92
What is the remainder when 20050 is divided by 1829?
1760
What is the remainder when 177494 is divided by 59122?
128
Calculate the remainder when 79618622 is divided by 2203.
2202
What is the remainder when 1721120 is divided by 5585?
940
Calculate the remainder when 53637 is divided by 17286.
1779
What is the remainder when 39240 is divided by 8997?
3252
Calculate the remainder when 20014221 is divided by 2849.
2845
Calculate the remainder when 373208 is divided by 9258.
2888
What is the remainder when 56381586 is divided by 99?
96
Calculate the remainder when 1170705 is divided by 1169769.
936
Calculate the remainder when 2530554 is divided by 1246.
1174
Calculate the remainder when 714275 is divided by 356802.
671
What is the remainder when 690989 is divided by 551?
35
Calculate the remainder when 95602299 is divided by 177.
174
What is the remainder when 3466169 is divided by 2453?
80
Calculate the remainder when 92621 is divided by 6172.
41
What is the remainder when 16863145 is divided by 2105?
2095
What is the remainder when 51027 is divided by 24849?
1329
What is the remainder when 91493 is divided by 277?
83
What is the remainder when 487982 is divided by 1138?
918
Calculate the remainder when 13410 is divided by 220.
210
What is the remainder when 23674077 is divided by 2960?
2957
What is the remainder when 1083941 is divided by 43?
40
Calculate the remainder when 484415381 is divided by 26.
21
What is the remainder when 408222 is divided by 44843?
4635
What is the remainder when 781015 is divided by 302?
43
What is the remainder when 83858191 is divided by 2582?
2577
Calculate the remainder when 7505381 is divided by 547.
541
What is the remainder when 1282732 is divided by 32890?
22
Calculate the remainder when 1071133 is divided by 1937.
1909
What is the remainder when 99012740 is divided by 7949?
7945
Calculate the remainder when 1588801 is divided by 40.
1
Calculate the remainder when 76707180 is divided by 25569059.
3
What is the remainder when 17703249 is divided by 29310?
9
What is the remainder when 1426202972 is divided by 117?
116
What is the remainder when 5237229 is divided by 387?
345
What is the remainder when 9515758 is divided by 3171917?
7
Calculate the remainder when 713424867 is divided by 709.
707
What is the remainder when 604846 is divided by 386?
370
What is the remainder when 791536 is divided by 3518?
3504
What is the remainder when 473726 is divided by 27862?
72
Calculate the remainder when 655975097 is divided by 4779.
4778
Calculate the remainder when 278375 is divided by 30879.
464
Calculate the remainder when 3472336 is divided by 19724.
912
Calculate the remainder when 277094273 is divided by 556.
553
What is the remainder when 195667 is divided by 1501?
537
Calculate the remainder when 262546 is divided by 185.
31
Calculate the remainder when 116515 is divided by 9676.
403
Calculate the remainder when 208231153 is divided by 31.
30
Calculate the remainder when 16943603 is divided by 85143.
146
Calculate the remainder when 208267 is divided by 86.
61
Calculate the remainder when 33376885 is divided by 38.
3
What is the remainder when 659860 is divided by 3289?
2060
What is the remainder when 30925 is divided by 15419?
87
Calculate the remainder when 32824970 is divided by 1329.
1328
What is the remainder when 16715257 is divided by 186?
181
What is the remainder when 4201659 is divided by 1649?
7
Calculate the remainder when 2018864006 is divided by 92.
90
Calculate the remainder when 79480609 is divided by 40.
9
What is the remainder when 2641291 is divided by 659115?
4831
Calculate the remainder when 146699488 is divided by 1491.
1489
Calculate the remainder when 3737186 is divided by 595.
586
Calculate the remainder when 2815348 is divided by 1047.
1012
What is the remainder when 9026 is divided by 1880?
1506
Calculate the remainder when 1981528 is divided by 2897.
2877
Calculate the remainder when 266114668 is divided by 34.
0
Calculate the remainder when 118107 is divided by 144.
27
Calculate the remainder when 104354892 is divided by 5.
2
What is the remainder when 867042 is divided by 123760?
722
Calculate the remainder when 4897482 is divided by 50.
32
What is the remainder when 9890721 is divided by 2108?
2093
Calculate the remainder when 65634 is divided by 65533.
101
Calculate the remainder when 3650698 is divided by 16.
10
What is the remainder when 1146415 is divided by 3860?
3855
What is the remainder when 1679762 is divided by 5344?
1746
What is the remainder when 932825 is divided b